se 0 = 5*r - 4*b - 1348 - 1560, 4 = -2*b. What is the units digit of r?
0
Suppose -y = -0*u - 4*u + 18, 6 = 3*y. Suppose t + 2*t = -6. Let l = u - t. What is the units digit of l?
7
Suppose -34*r - 2645 = -35*r + d, -5*r - 5*d + 13195 = 0. What is the hundreds digit of r?
6
Suppose 5*n - 4590 = 7*k - 2*k, -4*n = 4*k - 3672. What is the tens digit of n?
1
Let z(m) = m**2 - 3*m + 4. Let g be z(3). Suppose -22 = -4*l - s, -g*l + 14 = s + 4*s. What is the units digit of l?
6
Suppose -h + 5*f = 4*h + 110, -2*h - 38 = f. Let z be (4 - 2)*12/3. What is the units digit of (-33)/(-5) - z/h?
7
Suppose 0 = c - 13 + 117. Let r = c - -164. What is the tens digit of r?
6
Let p be (70/(-30))/(1/(-3)). Let v(q) = q - 1. Let t(s) = 15*s - 21. Let x(k) = -t(k) + 18*v(k). What is the units digit of x(p)?
4
Suppose 38245 = -17*g + 96674. What is the thousands digit of g?
3
Suppose -13*j + 11*j = -912. Let b(y) = -y**2 - 8*y - 1. Let t be b(-7). What is the tens digit of j/4*t/9?
7
Suppose -2*n - 2*i - 566 = 0, 0 = 7*n - 2*n + 4*i + 1414. Let v = -187 - n. What is the units digit of v?
5
Suppose 4*s = 3*s - 168. Let v be s/(-44) + 4/22. What is the units digit of 31/v + 9/(-12)?
7
Let h = -787 - -958. What is the tens digit of h?
7
Let z be -4 + 13 + -4 + -1. What is the tens digit of 18/z*608/48?
5
Let d(m) = -m**2 + m + 11. Let n be d(5). Let g = 38 - n. What is the tens digit of g?
4
Let o(b) = -b**3 - 22*b**2 - 63*b + 4. What is the tens digit of o(-23)?
8
Let y = 11 - 11. Suppose 3*r + 590 = -r - 2*g, -2*r + 3*g - 283 = y. What is the units digit of 8/10 - r/5?
0
Suppose 5*q + 306 = 1496. Let u = q - 168. What is the tens digit of u?
7
What is the tens digit of (83 - -4)/(15/10)?
5
What is the hundreds digit of (900/375)/(3/1640)?
3
Suppose -167*h + 176*h - 2763 = 0. What is the hundreds digit of h?
3
Let r(b) = -2*b**3 - 32*b**2 - 56*b - 3. What is the hundreds digit of r(-16)?
8
Let m = -2 + 6. Let x be 4/(-24) + 4568/48. Suppose -m*t + x = -5*p, 2*p - 175 = -5*t - 3*p. What is the units digit of t?
0
Let h be 4/(-5*4/(-60)). What is the hundreds digit of (-441)/h*(-8 + 0)/2?
1
Suppose 0 = -654*u + 650*u + 432. What is the units digit of u?
8
What is the thousands digit of (-166954)/(-70) + 16/(-280)?
2
Let t be (8/(-6))/(8/(-2724) - 0). Suppose 0 = -10*g + t + 166. What is the units digit of g?
2
Let d = -16 + 30. Suppose d*v = 9*v + 170. What is the tens digit of v?
3
What is the thousands digit of (-10 - (-14 - -1)) + 2146?
2
Suppose -2088 = -4*w - 2*n, -w - 4*n - 1566 = -4*w. What is the tens digit of w?
2
Suppose -28*x = -30*x + 4. What is the tens digit of ((-2)/4)/(x/(-364))?
9
Suppose -5*s - 21 = -3*l, -4*l + 2*s + 9 = -5. Suppose -37 = -l*b + 61. Suppose 5*h - 31 = b. What is the units digit of h?
6
Suppose 11 + 25 = 4*n. What is the units digit of 4/(-3) + 1 + 219/n?
4
Suppose -m + 4979 = 4*l, 4*l = -l - m + 6224. What is the units digit of l?
5
Let p = 27 + -42. Let q be (p/(-10))/((-3)/(-8)). What is the tens digit of (q - 1) + -3 + 18?
1
Let t(u) = -u**3 - 7*u**2 - u - 9. Let s be t(-7). Let n be (2 + (-12)/4)*s. Suppose -g - 2*w + 22 = 0, -3*g - 2*w - n + 88 = 0. What is the tens digit of g?
3
Let i(s) be the first derivative of s**4/24 + 3*s**3/2 + 2*s**2 - 6. Let t(a) be the second derivative of i(a). What is the units digit of t(-5)?
4
Suppose -77*u - 134050 = -147*u. What is the thousands digit of u?
1
Let v(c) = c**3 + 11*c**2 + 19*c + 7. Let t be v(-9). Let b(i) = -11*i**3 + 3*i**2 + 4*i + 3. What is the units digit of b(t)?
5
Let z = 1662 - 1010. Suppose -z - 132 = -16*k. What is the units digit of k?
9
Let g be 4/18 - (-52)/9. Let i(y) = -y**3 + 4*y**2 + 6*y + 1. Let k be i(g). Let h = -27 - k. What is the units digit of h?
8
Suppose -2197 = -2*t + m - 453, 3*m = 4*t - 3488. What is the tens digit of t?
7
What is the tens digit of ((-248)/24)/(2/(-62))*6?
2
Suppose -2*x - 840 = -4*z, 0 = -0*x - x - 4. What is the hundreds digit of z?
2
Let w be 2/(-4) - 30/(-12). Let d be 24/36 + w/(-3). Suppose d = 7*s - 5*s - 12. What is the units digit of s?
6
What is the hundreds digit of -2 - (-28)/6 - 136853/(-321)?
4
Suppose 3*c + 0*w - 2*w = 88, 0 = w - 1. Let p = c - 26. What is the units digit of p?
4
Suppose -2*m = -4*m + 6. Suppose 0 = -2*u + 5*u + 2*a - 24, -m*u + 12 = -2*a. What is the units digit of u*2/(-4) - -29?
6
Suppose -10 = -4*v + 2. Suppose 3 = v*d - 0*d. Let c(q) = 23*q - 1. What is the tens digit of c(d)?
2
Let s be ((-2)/4)/(3/(-18)). Suppose -22 = -s*b + 14. Suppose -3*h = -0 - b. What is the units digit of h?
4
Suppose -4*k = -5*x - 6, 4*k + 5*x = 3*k + 14. Suppose -3*i + 135 = -3*s, 7*i + s = k*i + 119. What is the units digit of i?
1
Let f = 609 + -413. What is the tens digit of f?
9
Let s = -41 + 35. Let w(j) = -j**2 - 12*j - 11. What is the units digit of w(s)?
5
Suppose 10 - 11 = -y. What is the tens digit of -4*y*45/(-9)?
2
Let h(f) = 86*f + 1. Let g be h(1). Let t = g + -44. What is the tens digit of t?
4
Suppose 102 = 3*n + h, -2*h = -h. What is the hundreds digit of (-10*(-4)/(-8))/((-1)/n)?
1
Let t = -43 - -68. Suppose -116*h + 45 = -107*h. Suppose -t + 10 = -h*l. What is the units digit of l?
3
Suppose 0*n = -5*y - 4*n + 2158, 0 = 2*n - 4. What is the hundreds digit of y?
4
Let h be -1*(-3 - -7 - 4). Suppose h = 4*s - 3 - 9. Suppose -4*k + 80 = 3*b - 53, 0 = s*k + 3*b - 102. What is the tens digit of k?
3
Suppose 0 = -18*b + 33518 - 9722. What is the thousands digit of b?
1
Let b be (-3 - -1) + -45 + 2. Let v = b - -111. What is the units digit of v?
6
Let i = -62 - -95. Suppose -12 = -3*k + i. What is the tens digit of -1 + k + -4 - -2?
1
Let a be (2/(-6))/(2/(-24)). Let s be (-4)/3 - (-300)/(-18). Let c = a - s. What is the tens digit of c?
2
Suppose 0 = -5*r + 3*p + 3928, 5*r - 739 - 3188 = 2*p. What is the tens digit of r?
8
Suppose 279 = 4*x - 4*h - 321, -4*x + 621 = 3*h. What is the tens digit of x?
5
Let c = 334 + 12. What is the tens digit of c?
4
Let j(u) = 13*u**2 + 4*u - 1. Let i be j(3). Suppose 2*l = i + 16. What is the tens digit of l?
7
What is the units digit of (-8)/(240/(-2898)) + 2/5?
7
Let l(m) = 89*m - 2. Let x be l(4). Let n be x/(-4)*(-12)/(-9). Let o = -83 - n. What is the units digit of o?
5
Suppose -4*m = -3*m + 12. Let r = -10 - m. Suppose -2*h + 3*k = -35, 0 = -4*h - r*k + k + 77. What is the tens digit of h?
1
Let y = 309 + 203. Let m = -347 + y. Suppose b + 2*i - 162 = -2*b, 3*b = -i + m. What is the units digit of b?
6
Let o(f) = f + 7. Let k be o(11). Suppose 0*h + k = h. Suppose 3*m - h = 6. What is the units digit of m?
8
Suppose 5 - 13 = -4*q. Let m(k) = q*k + 16*k + 8*k - 2 - 5*k. What is the tens digit of m(1)?
1
Let v(q) = 67*q**2 + 20*q + 105. What is the hundreds digit of v(-4)?
0
Let w = 29 - 25. Let r(z) = -3 + 0*z + w*z - 14 + 3*z. What is the tens digit of r(7)?
3
Suppose -3*r - 5*y + 58 = 0, -2*r - 4*y + 38 = -y. Suppose -r = n - h - 0*h, 3*n - 4*h = -51. What is the units digit of -1 + 1 + n + 15?
2
Let x(r) = 56*r**2 + 4*r - 20. What is the hundreds digit of x(3)?
4
Let j(n) = n**3 + 6*n**2 + 4. Suppose -2*x - 6 = -x. Let h be j(x). Suppose 0 = h*l - 5*k - 208, 2*k + 157 = 3*l + 8. What is the tens digit of l?
4
Suppose 4*p + 97 = l + 2*p, 465 = 5*l - 5*p. Suppose 2*x - 49 - l = 0. What is the units digit of x?
9
Let o = -61 - -35. Let l = o + 51. What is the units digit of l?
5
Let x be (16/7 - 2)/(1/14). Suppose 5*d - 269 = -x*y, 4*d = 4*y - d - 219. What is the units digit of y?
1
Let h be ((-6)/4)/((-10)/60). Suppose h*s + s - 2130 = 0. What is the hundreds digit of s?
2
Let j(g) = 4*g + 0*g - 5*g + 1 + 3*g**3. Let t be j(1). Suppose -t*c - 105 = -8*c. What is the tens digit of c?
2
Let k(r) = -r + 2. Let v be k(-1). Let c be v/9 + 3/(-9). Suppose c = 3*j + 7 - 61. What is the tens digit of j?
1
Let b be ((-8)/(-10))/((-1)/65). Let o(a) = 9*a**3 + 11*a**2 + a. Let w be o(2). Let f = w + b. What is the tens digit of f?
6
Let c(i) = -i**2. Let w(z) = -z**3. Let b(r) = -2*c(r) + w(r). Let f be b(2). Suppose -m + 6*m - 50 = f. What is the tens digit of m?
1
What is the hundreds digit of (-52)/52 - 3/(-1) - -5692?
6
Let m = 52 + 519. Suppose 165 = i - 5*s, 5*s - s - m = -3*i. What is the units digit of i?
5
Suppose 4*j - 4*g - 1104 = 0, 3*j + 5*g = j + 524. What i